t common factor of v and z?
20
Suppose -y + i + 25 = 0, -2*i = 3*y - 3*i - 73. Suppose 0 = -6*a + 9*a - y. Calculate the greatest common factor of a and 16.
8
Suppose -6*g + 2*g = -12. Suppose 4 = g*k + y - 2*y, -2*y - 2 = 0. Calculate the highest common divisor of k and 3.
1
Suppose -c + 2*q - 4 = 0, -2*c + 3*q - 2 = 2. Suppose -w - 18 = -c*w. Suppose 0 = w*b - 11*b + 665. Calculate the highest common factor of b and 19.
19
Let n(m) = m**3 + 6*m**2 - 2*m - 3. Let x be n(-6). Suppose -11*u + x*u = -4. Suppose -u*o = -4*o + 150. Calculate the highest common divisor of 15 and o.
15
Let d(v) be the first derivative of v**4/4 + 13*v**3/3 + 6*v**2 - 10. Let i be d(-12). Let g = i - -10. Calculate the greatest common divisor of 10 and g.
10
Let d(c) = 20*c**2 + 35*c - 175. Let m be d(5). What is the greatest common divisor of 75 and m?
25
Let k(l) = l**2 + l + 10. Let n be k(0). Suppose 4*b + 48 = n*b. Let x be (b/16)/((-2)/(-36)). What is the greatest common divisor of 45 and x?
9
Let y(j) = -78*j + 578. Let i be y(6). Let s be -2 - (-1)/(1/12). Calculate the greatest common divisor of s and i.
10
Suppose -159*z = -163*z + 188. What is the highest common factor of 47 and z?
47
Suppose 4*d - 20 - 124 = 0. Suppose 269 = 3*r - q, q + 1 = 2*q. Calculate the greatest common factor of r and d.
18
Let f = -3 + 6. Suppose 0 = -f*g + q + 3*q - 93, -4*q + 39 = -g. Let n be 94/10 + g/(-45). What is the greatest common divisor of n and 30?
10
Let q be ((-24)/3)/(-3 - 86/(-30)). Calculate the highest common factor of 108 and q.
12
Let p = -1 + 2. Suppose -5*u + 2*u = 15, -5*o + 2*u + 45 = 0. What is the greatest common divisor of o and p?
1
Let t(s) = 2*s + 3. Let m = -6 - -10. Let y be t(m). Suppose -19 = -3*z + y. What is the highest common factor of 110 and z?
10
Suppose 0 = -7*n + 2*n + 5. Let o be n*(-56)/(-6)*6. Suppose -3*w - 18 + 3 = 0, 0 = -4*i + 5*w + 57. What is the greatest common divisor of o and i?
8
Suppose -3*t = 2*t + 3*w - 15, 0 = -t - 2*w + 3. Let s = 14 - 13. Calculate the greatest common factor of t and s.
1
Let j = -52 + 77. Let y(s) = 9*s - 35. Let q be y(5). What is the highest common factor of q and j?
5
Suppose -8*m + 6*m = -30. Let h be m/2 + 24/(-16). What is the highest common divisor of h and 6?
6
Let f(c) = c**2 - 2*c + 61. Let u be f(9). Calculate the highest common factor of 31 and u.
31
Suppose 620 - 116 = 12*p. Calculate the greatest common divisor of 6 and p.
6
Let s = -8 - -15. Suppose -s*t = -11*t + 48. Suppose -5*c = -2*c - 9. Calculate the highest common divisor of t and c.
3
Let w be -1 - (-1 + -1) - 0. Let v be 3/6*12/w. What is the greatest common factor of 6 and v?
6
Let b(r) = r**3 - 13*r**2 + r + 55. Let d be b(13). Calculate the greatest common divisor of d and 646.
34
Suppose 0 = 6*s + 67 + 53. Let j be 6/9 - s/15. Calculate the greatest common divisor of j and 26.
2
Suppose 2*u + u = 5*a - 14, 5*a + 4 = -3*u. Let g be (-35)/28 + a/4. Let s be 106/1 - g/(-1). What is the greatest common factor of s and 42?
21
Let o be 12*(-728)/(-24)*1. Calculate the highest common factor of 208 and o.
52
Let a be (-14 - -17) + 1/(-1). Suppose 4*f = a*y + 114 + 292, -5*f - 3*y = -491. Calculate the highest common divisor of f and 25.
25
Let n(t) = -8*t + 8. Let a be n(-2). Suppose 0 = 4*m + 3*r - 243, -m + 72 - 10 = 2*r. Calculate the greatest common divisor of m and a.
12
Suppose -8*v = -2*v + 24. Let x be (-3)/v*(-252)/(-9). Calculate the highest common divisor of x and 3.
3
Suppose 0 = -4*w + 24 + 132. Let v(f) = -22 + 119*f - 52*f - 60*f. Let b be v(5). Calculate the highest common factor of b and w.
13
Let z be (1131/9 - -4) + 1/3. What is the highest common divisor of 52 and z?
26
Suppose -683*d + 662*d = -2184. Calculate the highest common divisor of d and 572.
52
Let d(w) = -16*w + 1. Let v be d(0). Calculate the greatest common divisor of 32 and v.
1
Let b(w) = 10*w - 50. Let h be b(10). What is the greatest common divisor of 20 and h?
10
Let j be (7/2 - 2)/(-3)*-22. Suppose -9*p - 336 = -j*p. Calculate the greatest common divisor of p and 21.
21
Let z be 45/6*10/15. Suppose 2*a = -3*r + 45, -15 = -r - 10*a + 5*a. Calculate the highest common divisor of r and z.
5
Let n(h) = -h - 2. Let i be n(12). Let a be (2*i)/((4 - 5) + 0). What is the greatest common factor of 196 and a?
28
Let f(w) = -w + 18. Let a be f(7). Suppose 0 = -c + o + 3, -2*c + a = -c - 5*o. What is the highest common divisor of 13 and c?
1
Let z be 58/2 + (4 + 11)/(-3). Suppose -4*v - 171 = 501. Let g = v + 240. Calculate the highest common factor of z and g.
24
Let z(r) = -23*r - 116. Let o be z(-12). Calculate the greatest common factor of 10 and o.
10
Let w(o) = -o**3 + 45*o**2 + 5*o + 93. Let n be w(45). What is the greatest common factor of n and 6?
6
Suppose 3*d - 39 = 2*g + g, 0 = 2*d + 5*g - 19. Let o be -3*((-44)/(-3) - -1). Let s = o + 53. Calculate the highest common divisor of d and s.
6
Suppose -7*l + 318 = -60. Let h = 177 - 42. Calculate the highest common factor of h and l.
27
Let f(t) = -t**2 - 4*t + 3. Let s be f(1). Let r be 2 - s*(-12)/(-8). Let u = 2 + 0. What is the greatest common divisor of r and u?
1
Suppose -79*y + 29326 = -68*y. Calculate the highest common divisor of y and 86.
86
Let w(f) = -2*f**2 - 50*f + 88. Let h be w(-25). Calculate the greatest common factor of 220 and h.
44
Let k = -648 + 1017. What is the greatest common divisor of 205 and k?
41
Let i(z) = 16*z + 41. Let v be i(3). What is the highest common divisor of 1 and v?
1
Let x(f) = -f**3 + 4*f**2 + 5*f + 4. Let i be x(5). Let z be 179/i + (-3)/4. What is the greatest common factor of z and 110?
22
Let i = -3 - -5. Let g = -5254 + 5255. What is the greatest common divisor of g and i?
1
Suppose 5*t = -2*z + 269, -17*z + 114 = 2*t - 13*z. Calculate the greatest common factor of 583 and t.
53
Suppose 2*u - 2*r - 44 = -r, -4*r + 76 = 4*u. Calculate the highest common divisor of u and 1239.
21
Let w(b) = -7*b + 16. Let s be w(-17). Calculate the highest common divisor of s and 30.
15
Let q be 6100/30 + (-3)/9. Calculate the highest common factor of q and 7.
7
Let m be 1/(-4) + 2818/8. Suppose u - 3*a = 3*u - 76, 3*u - 2*a - 88 = 0. Calculate the greatest common divisor of m and u.
32
Let d(j) = -67*j - 22. Suppose -4*k - 36 = -2*a - 10, 4*k + 19 = -5*a. Let r be d(k). Calculate the highest common factor of 38 and r.
38
Let h = -41 + 68. Let t = h - 30. Let p = t - -12. What is the greatest common divisor of p and 27?
9
Let g be 4*22 + (-48 - -48). Calculate the greatest common factor of 55 and g.
11
Suppose -8*x = -16*x + 96. Calculate the greatest common factor of x and 18.
6
Let d = 2 + -5. Let i(j) be the first derivative of -j**4/4 - j**3 - j**2 + j - 2. Let c be i(d). Calculate the highest common divisor of 7 and c.
7
Suppose -h + 62 = -y + 3*y, -5*h - 3*y + 303 = 0. Suppose m = 45 + h. Let d = -50 + m. Calculate the greatest common factor of 22 and d.
11
Let n = 67 + -95. Let c = 52 + n. Calculate the greatest common divisor of c and 16.
8
Let j = 356 + -265. What is the highest common factor of j and 63?
7
Let w be (2255/(-123))/(2/(-54)). What is the highest common divisor of 385 and w?
55
Let b = 167 - 34. Suppose 7*h - 18 = 115. Calculate the greatest common factor of h and b.
19
Let u = 19 - -316. What is the highest common factor of u and 10?
5
Suppose 0 = -53*x - 71 + 5265. What is the highest common factor of 637 and x?
49
Let f(c) = -c**3 - 28*c**2 + 19*c + 30. Let v be f(-29). Calculate the highest common divisor of v and 5.
5
Suppose 3*c - 36 - 9 = 0. Suppose 5*h + 5*b + c = 6*b, h + 5*b = -29. Let i(u) = 5*u**2 + 4*u. Let z be i(h). Calculate the greatest common divisor of 16 and z.
16
Let p = 224 + 270. What is the highest common divisor of p and 38?
38
Suppose 0 = s + 42 - 55. Calculate the highest common divisor of s and 1339.
13
Let p(g) = -7*g + 29. Let u be p(12). Let w = u - -72. What is the greatest common factor of w and 17?
17
Suppose 2*i - 66 = -p, 0 = 2*p - 3*p + 4*i + 84. Let u(v) = 2*v**2 - 6*v + 10. Let q be u(4). What is the highest common factor of q and p?
18
Suppose 310 = 4*s - l - 4*l, s + 5*l = 90. Suppose -12 = 2*p + 5*a, 4*p - a + s = 3*a. Let d be 10 - (p/4)/2. Calculate the greatest common factor of d and 48.
12
Let r(t